{"id":189,"date":"2016-11-10T01:11:51","date_gmt":"2016-11-10T00:11:51","guid":{"rendered":"http:\/\/sjo.strony.uw.edu.pl\/?page_id=189"},"modified":"2026-04-29T10:15:02","modified_gmt":"2026-04-29T10:15:02","slug":"jakosc-ksztalcenia","status":"publish","type":"page","link":"https:\/\/szjo.uw.edu.pl\/?page_id=189","title":{"rendered":"Zesp\u00f3\u0142 ds. Jako\u015bci Kszta\u0142cenia"},"content":{"rendered":"<p><strong>Sk\u0142ad Zespo\u0142u ds. Jako\u015bci Kszta\u0142cenia w Centrum Nauczania J\u0119zyk\u00f3w Obcych<\/strong><\/p>\n<p>(na podstawie Uchwa\u0142y nr 9 Rady Centrum Nauczania J\u0119zyk\u00f3w Obcych Uniwersytetu Warszawskiego z dnia 12 czerwca 2025r.)<\/p>\n<p>Przewodnicz\u0105ca: dr Anna Cegie\u0142ka &#8211; Z-ca Dyrektora CNJO ds. dydaktycznych<\/p>\n<p>Cz\u0142onkowie:<\/p>\n<p>1. dr Iwona Bartnicka<br \/>\n2. mgr Magdalena Biesiadecka<br \/>\n3. dr Justyna Deczewska<br \/>\n4. dr Sylwia Kossakowska-Pisarek<br \/>\n5. mgr Anna \u0141\u0119towska \u2013 Mickiewicz<br \/>\n6. mgr Ma\u0142gorzata Maras<br \/>\n7. dr S\u0142awomir Maskiewicz<br \/>\n8. mgr Arkadiusz Misiak<br \/>\n9. dr Pawe\u0142 Mrowiec<br \/>\n10. mgr Marcin Stachurski<br \/>\n11. dr Katarzyna Wi\u015bniewska-Szaran<br \/>\n12. mgr Magdalena Zi\u00f3\u0142ek \u2013 Wojnar<\/p>\n<hr \/>\n<h5><a href=\"https:\/\/docs.google.com\/document\/d\/1I-gku73U9mAhIYVRUNokh0EXZd5vWnZkGNB5e06yaKE\/edit?usp=sharing\">Prace Zespo\u0142u ds. Zapewniania Jako\u015bci Kszta\u0142cenia<\/a><\/h5>\n<p>&nbsp;<\/p>","protected":false},"excerpt":{"rendered":"<p>Sk\u0142ad Zespo\u0142u ds. Jako\u015bci Kszta\u0142cenia w Centrum Nauczania J\u0119zyk\u00f3w Obcych (na podstawie Uchwa\u0142y nr 9 Rady Centrum Nauczania J\u0119zyk\u00f3w Obcych Uniwersytetu Warszawskiego z dnia 12 czerwca 2025r.) Przewodnicz\u0105ca: dr Anna Cegie\u0142ka &#8211; Z-ca Dyrektora CNJO ds. dydaktycznych Cz\u0142onkowie: 1. dr Iwona Bartnicka 2. mgr Magdalena Biesiadecka 3. dr Justyna Deczewska 4. dr Sylwia Kossakowska-Pisarek 5. [&hellip;]<\/p>\n","protected":false},"author":1,"featured_media":0,"parent":0,"menu_order":0,"comment_status":"closed","ping_status":"closed","template":"","meta":{"footnotes":""},"class_list":["post-189","page","type-page","status-publish","hentry","post"],"_links":{"self":[{"href":"https:\/\/szjo.uw.edu.pl\/index.php?rest_route=\/wp\/v2\/pages\/189","targetHints":{"allow":["GET"]}}],"collection":[{"href":"https:\/\/szjo.uw.edu.pl\/index.php?rest_route=\/wp\/v2\/pages"}],"about":[{"href":"https:\/\/szjo.uw.edu.pl\/index.php?rest_route=\/wp\/v2\/types\/page"}],"author":[{"embeddable":true,"href":"https:\/\/szjo.uw.edu.pl\/index.php?rest_route=\/wp\/v2\/users\/1"}],"replies":[{"embeddable":true,"href":"https:\/\/szjo.uw.edu.pl\/index.php?rest_route=%2Fwp%2Fv2%2Fcomments&post=189"}],"version-history":[{"count":43,"href":"https:\/\/szjo.uw.edu.pl\/index.php?rest_route=\/wp\/v2\/pages\/189\/revisions"}],"predecessor-version":[{"id":5553,"href":"https:\/\/szjo.uw.edu.pl\/index.php?rest_route=\/wp\/v2\/pages\/189\/revisions\/5553"}],"wp:attachment":[{"href":"https:\/\/szjo.uw.edu.pl\/index.php?rest_route=%2Fwp%2Fv2%2Fmedia&parent=189"}],"curies":[{"name":"wp","href":"https:\/\/api.w.org\/{rel}","templated":true}]}}