{"id":3729,"date":"2023-03-14T12:23:37","date_gmt":"2023-03-14T12:23:37","guid":{"rendered":"https:\/\/szjo.uw.edu.pl\/?page_id=3729"},"modified":"2025-12-22T14:21:31","modified_gmt":"2025-12-22T14:21:31","slug":"glowna","status":"publish","type":"page","link":"https:\/\/szjo.uw.edu.pl\/","title":{"rendered":"G\u0142\u00f3wna"},"content":{"rendered":"<div id=\"pl-3729\"  class=\"panel-layout\" ><div id=\"pg-3729-0\"  class=\"panel-grid panel-no-style\" ><div id=\"pgc-3729-0-0\"  class=\"panel-grid-cell\" ><div id=\"panel-3729-0-0-0\" class=\"so-panel widget widget_siteorigin-panels-postloop panel-first-child panel-last-child\" data-index=\"0\" >\n\t<div id=\"vantage-grid-loop\" class=\"vantage-grid-loop grid-loop-columns-4\">\n\t\t\t\t\t<article class=\"grid-post post-5531 post type-post status-publish format-standard has-post-thumbnail sticky hentry category-uncategorized post-with-thumbnail post-with-thumbnail-large\">\n\n\t\t\t\t\t\t\t\t\t<a class=\"grid-thumbnail\" href=\"https:\/\/szjo.uw.edu.pl\/?p=5531\">\n\t\t\t\t\t\t<img loading=\"lazy\" decoding=\"async\" width=\"436\" height=\"165\" src=\"https:\/\/szjo.uw.edu.pl\/wp-content\/uploads\/2025\/12\/10minute-436x165.png\" class=\"attachment-vantage-grid-loop size-vantage-grid-loop wp-post-image\" alt=\"\" \/>\t\t\t\t\t<\/a>\n\t\t\t\t\n\t\t\t\t<h3><a href=\"https:\/\/szjo.uw.edu.pl\/?p=5531\">Warsztaty teatralne w CNJO<\/a><\/h3>\n\t\t\t\t<div class=\"excerpt\"><p>\ud83c\udfad\u00a0Warsztaty teatralne w Centrum Nauczania J\u0119zyk\u00f3w Obcych UW \ud83d\udcc5 17\u201319 kwietnia 2026 W dniach 17\u201319 kwietnia 2026 r. w Centrum Nauczania J\u0119zyk\u00f3w Obcych Uniwersytetu Warszawskiego odby\u0142y si\u0119 wyj\u0105tkowe warsztaty teatralne prowadzone przez aktor\u00f3w Teatru Witkacego. Zaj\u0119cia oparte by\u0142y na miniaturach dramatycznych \u2013 zwyci\u0119skich tekstach konkursu literackiego \u201eFail Better\u201d. By\u0142a to niepowtarzalna okazja, by zobaczy\u0107, jak [&hellip;]<\/p>\n<\/div>\n\t\t\t\t\t\t\t\t\t\t\t<\/article>\n\t\t\t\t\t\t\t\t<article class=\"grid-post post-5520 post type-post status-publish format-standard has-post-thumbnail sticky hentry category-uncategorized post-with-thumbnail post-with-thumbnail-large\">\n\n\t\t\t\t\t\t\t\t\t<a class=\"grid-thumbnail\" href=\"https:\/\/szjo.uw.edu.pl\/?p=5520\">\n\t\t\t\t\t\t<img loading=\"lazy\" decoding=\"async\" width=\"436\" height=\"272\" src=\"https:\/\/szjo.uw.edu.pl\/wp-content\/uploads\/2026\/04\/02_panorama_879x300_pl-879x300-1-436x272.png\" class=\"attachment-vantage-grid-loop size-vantage-grid-loop wp-post-image\" alt=\"\" \/>\t\t\t\t\t<\/a>\n\t\t\t\t\n\t\t\t\t<h3><a href=\"https:\/\/szjo.uw.edu.pl\/?p=5520\">Dzie\u0144 Otwarty<\/a><\/h3>\n\t\t\t\t<div class=\"excerpt\"><p>18 kwietnia 2026 odby\u0142 si\u0119\u00a0Dzie\u0144 Otwarty\u00a0Uniwersytetu\u00a0Warszawskiego, podczas kt\u00f3rego kandydaci na studia na naszej Uczelni mieli mo\u017cliwo\u015b\u0107 spotkania z reprezentantami wydzia\u0142\u00f3w i jednostek uniwersyteckich, w tym oczywi\u015bcie z przedstawicielami Centrum Nauczania J\u0119zyk\u00f3w Obcych. Nasi nauczyciele z prawdziwym entuzjazmem podejmowali kontakt z przysz\u0142ymi studentami, udzielali informacji o lektoratach\u00a0i egzaminach j\u0119zykowych, zapraszali do uczestnictwa w naszych zaj\u0119ciach. Dzi\u0119kujemy\u00a0lektorkom\u00a0i [&hellip;]<\/p>\n<\/div>\n\t\t\t\t\t\t\t\t\t\t\t<\/article>\n\t\t\t\t\t\t\t\t<article class=\"grid-post post-5506 post type-post status-publish format-standard has-post-thumbnail sticky hentry category-uncategorized post-with-thumbnail post-with-thumbnail-large\">\n\n\t\t\t\t\t\t\t\t\t<a class=\"grid-thumbnail\" href=\"https:\/\/szjo.uw.edu.pl\/?p=5506\">\n\t\t\t\t\t\t<img loading=\"lazy\" decoding=\"async\" width=\"436\" height=\"165\" src=\"https:\/\/szjo.uw.edu.pl\/wp-content\/uploads\/2025\/12\/10minute-436x165.png\" class=\"attachment-vantage-grid-loop size-vantage-grid-loop wp-post-image\" alt=\"\" \/>\t\t\t\t\t<\/a>\n\t\t\t\t\n\t\t\t\t<h3><a href=\"https:\/\/szjo.uw.edu.pl\/?p=5506\">Wyniki konkursu 10-Minute Plays<\/a><\/h3>\n\t\t\t\t<div class=\"excerpt\"><p>Szanowni Pa\u0144stwo, Komitet Organizacyjny Festiwalu 10-Minute Plays ma przyjemno\u015b\u0107 poinformowa\u0107, \u017ce w dniu 25 marca 2026 roku rozstrzygni\u0119to II edycj\u0119 konkursu literackiego na 10-minute play Fail Better. Po wnikliwej analizie nades\u0142anych prac, uwzgl\u0119dniaj\u0105cej ich wysoki poziom artystyczny, r\u00f3\u017cnorodno\u015b\u0107 podej\u015b\u0107 do tematu oraz oryginalno\u015b\u0107 rozwi\u0105za\u0144 dramaturgicznych, Jury wy\u0142oni\u0142o sze\u015b\u0107 nagrodzonych sztuk, kt\u00f3rych inscenizacje zostan\u0105 zaprezentowane podczas [&hellip;]<\/p>\n<\/div>\n\t\t\t\t\t\t\t\t\t\t\t<\/article>\n\t\t\t\t\t\t\t\t<article class=\"grid-post post-5498 post type-post status-publish format-standard has-post-thumbnail sticky hentry category-uncategorized post-with-thumbnail post-with-thumbnail-large\">\n\n\t\t\t\t\t\t\t\t\t<a class=\"grid-thumbnail\" href=\"https:\/\/szjo.uw.edu.pl\/?p=5498\">\n\t\t\t\t\t\t<img loading=\"lazy\" decoding=\"async\" width=\"436\" height=\"218\" src=\"https:\/\/szjo.uw.edu.pl\/wp-content\/uploads\/2025\/05\/Screenshot-2025-05-14-12.10.58-e1747217638446-436x218.png\" class=\"attachment-vantage-grid-loop size-vantage-grid-loop wp-post-image\" alt=\"\" \/>\t\t\t\t\t<\/a>\n\t\t\t\t\n\t\t\t\t<h3><a href=\"https:\/\/szjo.uw.edu.pl\/?p=5498\">Kolejny odcinek Kuchni Metodycznej<\/a><\/h3>\n\t\t\t\t<div class=\"excerpt\"><p>Nowy odcinek podcastu\u00a0\u201eKuchnia Metodyczna\u201d\u00a0z cyklu\u00a0\u201eJ\u0119zyki na widelcu\u201d\u00a0po\u015bwi\u0119cony jest\u00a0j\u0119zykowi francuskiemu i kulturze Francji. W rozmowie pojawiaj\u0105 si\u0119 tematy zwi\u0105zane z nauk\u0105 francuskiego, stereotypami i motywacj\u0105 do nauki j\u0119zyk\u00f3w. Odcinek dost\u0119pny jest na\u00a0YouTube i Spotify. &#8220;J\u0119zyki na widelcu&#8221;: Pozdrawiamy serdecznie, Justyna i Magda<\/p>\n<\/div>\n\t\t\t\t\t\t\t\t\t\t\t<\/article>\n\t\t\t<div class=\"clear\"><\/div>\t\t\t<\/div>\n\n\t\n<\/div><\/div><\/div><div id=\"pg-3729-1\"  class=\"panel-grid panel-no-style\" ><div id=\"pgc-3729-1-0\"  class=\"panel-grid-cell\" ><div id=\"panel-3729-1-0-0\" class=\"so-panel widget widget_sow-editor panel-first-child panel-last-child\" data-index=\"1\" ><div class=\"panel-widget-style panel-widget-style-for-3729-1-0-0\" ><div\n\t\t\t\n\t\t\tclass=\"so-widget-sow-editor so-widget-sow-editor-base\"\n\t\t\t\n\t\t>\n<div class=\"siteorigin-widget-tinymce textwidget\">\n\t<p style=\"text-align: center;\"><img loading=\"lazy\" decoding=\"async\" class=\"alignnone size-full wp-image-4429\" src=\"https:\/\/szjo.uw.edu.pl\/wp-content\/uploads\/2023\/05\/My-project-1-30-1.jpg\" alt=\"\" width=\"2298\" height=\"2412\" srcset=\"https:\/\/szjo.uw.edu.pl\/wp-content\/uploads\/2023\/05\/My-project-1-30-1.jpg 2298w, https:\/\/szjo.uw.edu.pl\/wp-content\/uploads\/2023\/05\/My-project-1-30-1-286x300.jpg 286w, https:\/\/szjo.uw.edu.pl\/wp-content\/uploads\/2023\/05\/My-project-1-30-1-976x1024.jpg 976w, https:\/\/szjo.uw.edu.pl\/wp-content\/uploads\/2023\/05\/My-project-1-30-1-768x806.jpg 768w, https:\/\/szjo.uw.edu.pl\/wp-content\/uploads\/2023\/05\/My-project-1-30-1-1463x1536.jpg 1463w, https:\/\/szjo.uw.edu.pl\/wp-content\/uploads\/2023\/05\/My-project-1-30-1-1951x2048.jpg 1951w\" sizes=\"auto, (max-width: 2298px) 100vw, 2298px\" \/><\/p>\n<\/div>\n<\/div><\/div><\/div><\/div><\/div><div id=\"pg-3729-2\"  class=\"panel-grid panel-no-style\" ><div id=\"pgc-3729-2-0\"  class=\"panel-grid-cell\" ><div id=\"panel-3729-2-0-0\" class=\"so-panel widget widget_circleicon-widget panel-first-child panel-last-child\" data-index=\"2\" >\t\t<div class=\"circle-icon-box circle-icon-position-top circle-icon-hide-box circle-icon-size-large \">\n\t\t\t\t\t\t\t<div class=\"circle-icon-wrapper\">\n\t\t\t\t\t\t\t\t\t\t<a href=\"https:\/\/szjo.uw.edu.pl\/?page_id=4451\" class=\"link-icon\" target=\"_blank\">\t\t\t\t\t<div class=\"circle-icon icon-style-set\" style=\"background-image: url(https:\/\/szjo.uw.edu.pl\/wp-content\/uploads\/2023\/05\/My-project-1-33.jpg)\">\n\t\t\t\t\t\t\t\t\t\t\t<\/div> \n\t\t\t\t\t<\/a>\t\t\t\t<\/div>\n\t\t\t\n\t\t\t\t\t\t\t<a href=\"https:\/\/szjo.uw.edu.pl\/?page_id=4451\" class=\"link-title\" target=\"_blank\">\n\t\t\t\t\t\t\t\t\t\t\t\t\t<\/a>\n\t\t\t\n\t\t\t\t\t\t\t\t\t\t<a href=\"https:\/\/szjo.uw.edu.pl\/?page_id=4451\" class=\"more-button\" target=\"_blank\">More Info <i><\/i><\/a>\n\t\t\t\t\t<\/div>\n\t\t<\/div><\/div><div id=\"pgc-3729-2-1\"  class=\"panel-grid-cell\" ><div id=\"panel-3729-2-1-0\" class=\"so-panel widget widget_sow-editor panel-first-child panel-last-child\" data-index=\"3\" ><div\n\t\t\t\n\t\t\tclass=\"so-widget-sow-editor so-widget-sow-editor-base\"\n\t\t\t\n\t\t>\n<div class=\"siteorigin-widget-tinymce textwidget\">\n\t<\/div>\n<\/div><\/div><\/div><\/div><\/div>","protected":false},"excerpt":{"rendered":"","protected":false},"author":1,"featured_media":0,"parent":0,"menu_order":0,"comment_status":"closed","ping_status":"closed","template":"home-panels.php","meta":{"footnotes":""},"class_list":["post-3729","page","type-page","status-publish","hentry","post","post-with-thumbnail","post-with-thumbnail-large"],"_links":{"self":[{"href":"https:\/\/szjo.uw.edu.pl\/index.php?rest_route=\/wp\/v2\/pages\/3729","targetHints":{"allow":["GET"]}}],"collection":[{"href":"https:\/\/szjo.uw.edu.pl\/index.php?rest_route=\/wp\/v2\/pages"}],"about":[{"href":"https:\/\/szjo.uw.edu.pl\/index.php?rest_route=\/wp\/v2\/types\/page"}],"author":[{"embeddable":true,"href":"https:\/\/szjo.uw.edu.pl\/index.php?rest_route=\/wp\/v2\/users\/1"}],"replies":[{"embeddable":true,"href":"https:\/\/szjo.uw.edu.pl\/index.php?rest_route=%2Fwp%2Fv2%2Fcomments&post=3729"}],"version-history":[{"count":241,"href":"https:\/\/szjo.uw.edu.pl\/index.php?rest_route=\/wp\/v2\/pages\/3729\/revisions"}],"predecessor-version":[{"id":5483,"href":"https:\/\/szjo.uw.edu.pl\/index.php?rest_route=\/wp\/v2\/pages\/3729\/revisions\/5483"}],"wp:attachment":[{"href":"https:\/\/szjo.uw.edu.pl\/index.php?rest_route=%2Fwp%2Fv2%2Fmedia&parent=3729"}],"curies":[{"name":"wp","href":"https:\/\/api.w.org\/{rel}","templated":true}]}}