{"id":5109,"date":"2025-01-14T08:15:09","date_gmt":"2025-01-14T08:15:09","guid":{"rendered":"https:\/\/szjo.uw.edu.pl\/?page_id=5109"},"modified":"2025-01-14T10:26:14","modified_gmt":"2025-01-14T10:26:14","slug":"koordynator-ds-rownosci","status":"publish","type":"page","link":"https:\/\/szjo.uw.edu.pl\/?page_id=5109","title":{"rendered":"PE\u0141NOMOCNIK DS. R\u00d3WNO\u015aCI"},"content":{"rendered":"<p><\/p>\n<div>\n<div>Od 1 stycznia 2025 r. funkcj\u0119 Pe\u0142nomocniczki ds. R\u00f3wno\u015bci w Centrum Nauczania J\u0119zyk\u00f3w Obcych pe\u0142ni Agnieszka Kowalewska.<\/div>\n<\/div>\n<div><\/div>\n<div>Kontakt:\u00a0<a href=\"mailto:akowalewska@uw.edu.pl\" target=\"_blank\" rel=\"noopener\">akowalewska@uw.edu.pl<\/a><\/div>\n<div><\/div>\n<div>\n<p><span style=\"font-weight: 400;\">Jest ona pierwszym punktem kontaktu w przypadku pyta\u0144, w\u0105tpliwo\u015bci lub spraw zwi\u0105zanych z r\u00f3wnym traktowaniem. Kontakt z pe\u0142nomocniczk\u0105 jest poufny. Pe\u0142nomocniczka wsp\u00f3\u0142pracuje ze strukturami r\u00f3wno\u015bciowymi na UW, w tym z Rzeczniczk\u0105 Akademick\u0105 (Ombudsman UW). <\/span><a href=\"http:\/\/ombudsman.uw.edu.pl\/\"><span style=\"font-weight: 400;\">http:\/\/ombudsman.uw.edu.pl\/<\/span><\/a><\/p>\n<p><b>Baza wiedzy UW:<\/b><\/p>\n<ul>\n<li style=\"font-weight: 400;\" aria-level=\"1\"><a href=\"https:\/\/uwazajmynaslowa.uw.edu.pl\/\"><span style=\"font-weight: 400;\">Kampania spo\u0142eczna na UW \u2013 \u201cHejt boli. UWa\u017cajmy na s\u0142owa\u201d<\/span><\/a><\/li>\n<li style=\"font-weight: 400;\" aria-level=\"1\"><a href=\"https:\/\/monitor.uw.edu.pl\/Lists\/Uchway\/Attachments\/6871\/M.2024.61.Zarz.21.pdf\"><span style=\"font-weight: 400;\">Polityka r\u00f3wno\u015bciowa na UW \u2013 Zarz\u0105dzenie nr 21 rektora uniwersytetu warszawskiego z dnia 28 lutego 2024 r. w sprawie polityki przeciwdzia\u0142ania nier\u00f3wnemu traktowaniu, dyskryminacji, mobbingowi i innym zachowaniom niepo\u017c\u0105danym w Uniwersytecie Warszawskim<\/span><\/a><\/li>\n<li style=\"font-weight: 400;\" aria-level=\"1\"><a href=\"https:\/\/rownowazni.uw.edu.pl\/\"><span style=\"font-weight: 400;\">Strona r\u00f3wno\u015bciowa UW<\/span><\/a><\/li>\n<li style=\"font-weight: 400;\" aria-level=\"1\"><a href=\"http:\/\/ombudsman.uw.edu.pl\/\"><span style=\"font-weight: 400;\">Rzecznik akademicki \u2013 Ombudsman UW (wsparcie dla ca\u0142ej spo\u0142eczno\u015bci UW w przypadku konflikt\u00f3w i dyskryminacji)<\/span><\/a><\/li>\n<li style=\"font-weight: 400;\" aria-level=\"1\"><a href=\"https:\/\/cpp.uw.edu.pl\/\"><span style=\"font-weight: 400;\">Centrum Pomocy Psychologicznej UW<\/span><\/a><\/li>\n<li style=\"font-weight: 400;\" aria-level=\"1\"><a href=\"https:\/\/rownowazni.uw.edu.pl\/wp-content\/uploads\/sites\/105\/2022\/07\/podrecznik-antydysk.pdf\"><span style=\"font-weight: 400;\">Poradnik antydyskryminacyjny dla os\u00f3b studiuj\u0105cych i zatrudnionych na Uniwersytecie Warszawskim<\/span><\/a><\/li>\n<li style=\"font-weight: 400;\" aria-level=\"1\"><a href=\"https:\/\/rownowazni.uw.edu.pl\/wp-content\/uploads\/sites\/105\/2022\/07\/FINAL_informator-o-przeciwdzialaniu-molestowniu-1.pdf\"><span style=\"font-weight: 400;\">Przeciwdzia\u0142anie molestowaniu seksualnemu na uczelni. Informator Uniwersytetu Warszawskiego<\/span><\/a><\/li>\n<li style=\"font-weight: 400;\" aria-level=\"1\"><a href=\"https:\/\/rownowazni.uw.edu.pl\/wp-content\/uploads\/sites\/105\/2022\/07\/Rekomendacje-jezykowe-2021.pdf\"><span style=\"font-weight: 400;\">Rekomendacje dotycz\u0105ce j\u0119zyka niedyskryminuj\u0105cego na UW<\/span><\/a><\/li>\n<li style=\"font-weight: 400;\" aria-level=\"1\"><a href=\"https:\/\/informatorects.uw.edu.pl\/pl\/courses\/view?prz_kod=0000-KRPDUW-OG\"><span style=\"font-weight: 400;\">Kurs na r\u00f3wno\u015b\u0107 UW (dost\u0119pny zar\u00f3wno dla os\u00f3b studiuj\u0105cych, jak i pracuj\u0105cych)<\/span><\/a><\/li>\n<\/ul>\n<p><b>Wybrane przepisy i dokumenty krajowe:<\/b><\/p>\n<ul>\n<li style=\"font-weight: 400;\" aria-level=\"1\"><a href=\"https:\/\/isap.sejm.gov.pl\/isap.nsf\/download.xsp\/WDU20102541700\/U\/D20101700Lj.pdf\"><span style=\"font-weight: 400;\">Ustawa z dnia 3 grudnia 2010 r. o wdro\u017ceniu niekt\u00f3rych przepis\u00f3w Unii Europejskiej w zakresie r\u00f3wnego traktowania<\/span><\/a><\/li>\n<li style=\"font-weight: 400;\" aria-level=\"1\"><a href=\"https:\/\/www.gov.pl\/web\/rownetraktowanie\/krajowy-program-dzialan-na-rzecz-rownego-traktowania-2022-2030\"><span style=\"font-weight: 400;\">Krajowy Program Dzia\u0142a\u0144 na rzecz R\u00f3wnego Traktowania na lata 2022\u20132030<\/span><\/a><\/li>\n<\/ul>\n<\/div>\n<p><\/p>","protected":false},"excerpt":{"rendered":"<p>Od 1 stycznia 2025 r. funkcj\u0119 Pe\u0142nomocniczki ds. R\u00f3wno\u015bci w Centrum Nauczania J\u0119zyk\u00f3w Obcych pe\u0142ni Agnieszka Kowalewska. Kontakt:\u00a0akowalewska@uw.edu.pl Jest ona pierwszym punktem kontaktu w przypadku pyta\u0144, w\u0105tpliwo\u015bci lub spraw zwi\u0105zanych z r\u00f3wnym traktowaniem. Kontakt z pe\u0142nomocniczk\u0105 jest poufny. Pe\u0142nomocniczka wsp\u00f3\u0142pracuje ze strukturami r\u00f3wno\u015bciowymi na UW, w tym z Rzeczniczk\u0105 Akademick\u0105 (Ombudsman UW). http:\/\/ombudsman.uw.edu.pl\/ Baza wiedzy [&hellip;]<\/p>\n","protected":false},"author":1,"featured_media":0,"parent":0,"menu_order":0,"comment_status":"closed","ping_status":"closed","template":"","meta":{"footnotes":""},"class_list":["post-5109","page","type-page","status-publish","hentry","post"],"_links":{"self":[{"href":"https:\/\/szjo.uw.edu.pl\/index.php?rest_route=\/wp\/v2\/pages\/5109","targetHints":{"allow":["GET"]}}],"collection":[{"href":"https:\/\/szjo.uw.edu.pl\/index.php?rest_route=\/wp\/v2\/pages"}],"about":[{"href":"https:\/\/szjo.uw.edu.pl\/index.php?rest_route=\/wp\/v2\/types\/page"}],"author":[{"embeddable":true,"href":"https:\/\/szjo.uw.edu.pl\/index.php?rest_route=\/wp\/v2\/users\/1"}],"replies":[{"embeddable":true,"href":"https:\/\/szjo.uw.edu.pl\/index.php?rest_route=%2Fwp%2Fv2%2Fcomments&post=5109"}],"version-history":[{"count":4,"href":"https:\/\/szjo.uw.edu.pl\/index.php?rest_route=\/wp\/v2\/pages\/5109\/revisions"}],"predecessor-version":[{"id":5114,"href":"https:\/\/szjo.uw.edu.pl\/index.php?rest_route=\/wp\/v2\/pages\/5109\/revisions\/5114"}],"wp:attachment":[{"href":"https:\/\/szjo.uw.edu.pl\/index.php?rest_route=%2Fwp%2Fv2%2Fmedia&parent=5109"}],"curies":[{"name":"wp","href":"https:\/\/api.w.org\/{rel}","templated":true}]}}

PEŁNOMOCNIK DS. RÓWNOŚCI

<p></p>
<div>
<div>Od 1 stycznia 2025 r. funkcję Pełnomocniczki ds. Równości w Centrum Nauczania Języków Obcych pełni Agnieszka Kowalewska.</div>
</div>
<div></div>
<div>Kontakt: <a href="mailto:akowalewska@uw.edu.pl" target="_blank" rel="noopener">akowalewska@uw.edu.pl</a></div>
<div></div>
<div>
<p><span style="font-weight: 400;">Jest ona pierwszym punktem kontaktu w przypadku pytań, wątpliwości lub spraw związanych z równym traktowaniem. Kontakt z pełnomocniczką jest poufny. Pełnomocniczka współpracuje ze strukturami równościowymi na UW, w tym z Rzeczniczką Akademicką (Ombudsman UW). </span><a href="http://ombudsman.uw.edu.pl/"><span style="font-weight: 400;">http://ombudsman.uw.edu.pl/</span></a></p>
<p><b>Baza wiedzy UW:</b></p>
<ul>
<li style="font-weight: 400;" aria-level="1"><a href="https://uwazajmynaslowa.uw.edu.pl/"><span style="font-weight: 400;">Kampania społeczna na UW – “Hejt boli. UWażajmy na słowa”</span></a></li>
<li style="font-weight: 400;" aria-level="1"><a href="https://monitor.uw.edu.pl/Lists/Uchway/Attachments/6871/M.2024.61.Zarz.21.pdf"><span style="font-weight: 400;">Polityka równościowa na UW – Zarządzenie nr 21 rektora uniwersytetu warszawskiego z dnia 28 lutego 2024 r. w sprawie polityki przeciwdziałania nierównemu traktowaniu, dyskryminacji, mobbingowi i innym zachowaniom niepożądanym w Uniwersytecie Warszawskim</span></a></li>
<li style="font-weight: 400;" aria-level="1"><a href="https://rownowazni.uw.edu.pl/"><span style="font-weight: 400;">Strona równościowa UW</span></a></li>
<li style="font-weight: 400;" aria-level="1"><a href="http://ombudsman.uw.edu.pl/"><span style="font-weight: 400;">Rzecznik akademicki – Ombudsman UW (wsparcie dla całej społeczności UW w przypadku konfliktów i dyskryminacji)</span></a></li>
<li style="font-weight: 400;" aria-level="1"><a href="https://cpp.uw.edu.pl/"><span style="font-weight: 400;">Centrum Pomocy Psychologicznej UW</span></a></li>
<li style="font-weight: 400;" aria-level="1"><a href="https://rownowazni.uw.edu.pl/wp-content/uploads/sites/105/2022/07/podrecznik-antydysk.pdf"><span style="font-weight: 400;">Poradnik antydyskryminacyjny dla osób studiujących i zatrudnionych na Uniwersytecie Warszawskim</span></a></li>
<li style="font-weight: 400;" aria-level="1"><a href="https://rownowazni.uw.edu.pl/wp-content/uploads/sites/105/2022/07/FINAL_informator-o-przeciwdzialaniu-molestowniu-1.pdf"><span style="font-weight: 400;">Przeciwdziałanie molestowaniu seksualnemu na uczelni. Informator Uniwersytetu Warszawskiego</span></a></li>
<li style="font-weight: 400;" aria-level="1"><a href="https://rownowazni.uw.edu.pl/wp-content/uploads/sites/105/2022/07/Rekomendacje-jezykowe-2021.pdf"><span style="font-weight: 400;">Rekomendacje dotyczące języka niedyskryminującego na UW</span></a></li>
<li style="font-weight: 400;" aria-level="1"><a href="https://informatorects.uw.edu.pl/pl/courses/view?prz_kod=0000-KRPDUW-OG"><span style="font-weight: 400;">Kurs na równość UW (dostępny zarówno dla osób studiujących, jak i pracujących)</span></a></li>
</ul>
<p><b>Wybrane przepisy i dokumenty krajowe:</b></p>
<ul>
<li style="font-weight: 400;" aria-level="1"><a href="https://isap.sejm.gov.pl/isap.nsf/download.xsp/WDU20102541700/U/D20101700Lj.pdf"><span style="font-weight: 400;">Ustawa z dnia 3 grudnia 2010 r. o wdrożeniu niektórych przepisów Unii Europejskiej w zakresie równego traktowania</span></a></li>
<li style="font-weight: 400;" aria-level="1"><a href="https://www.gov.pl/web/rownetraktowanie/krajowy-program-dzialan-na-rzecz-rownego-traktowania-2022-2030"><span style="font-weight: 400;">Krajowy Program Działań na rzecz Równego Traktowania na lata 2022–2030</span></a></li>
</ul>
</div>
<p></p>

<p>Od 1 stycznia 2025 r. funkcję Pełnomocniczki ds. Równości w Centrum Nauczania Języków Obcych pełni Agnieszka Kowalewska. Kontakt: akowalewska@uw.edu.pl Jest ona pierwszym punktem kontaktu w przypadku pytań, wątpliwości lub spraw związanych z równym traktowaniem. Kontakt z pełnomocniczką jest poufny. Pełnomocniczka współpracuje ze strukturami równościowymi na UW, w tym z Rzeczniczką Akademicką (Ombudsman UW). http://ombudsman.uw.edu.pl/ Baza wiedzy [&hellip;]</p>
